{"id":131,"date":"2015-03-08T08:15:52","date_gmt":"2015-03-08T08:15:52","guid":{"rendered":"http:\/\/www.itecman.com\/web\/?page_id=131"},"modified":"2015-03-08T08:33:38","modified_gmt":"2015-03-08T08:33:38","slug":"asesoramiento-profesional","status":"publish","type":"page","link":"https:\/\/www.itecman.com\/web\/asesoramiento-profesional\/","title":{"rendered":"Asesoramiento profesional"},"content":{"rendered":"<p>[et_pb_section fullwidth=&#8221;on&#8221; specialty=&#8221;off&#8221;][et_pb_fullwidth_slider admin_label=&#8221;Control deslizante de anchura completa&#8221; show_arrows=&#8221;on&#8221; show_pagination=&#8221;on&#8221; auto=&#8221;off&#8221; parallax=&#8221;off&#8221; parallax_method=&#8221;off&#8221; module_class=&#8221;mod-servicios&#8221;][et_pb_slide heading=&#8221;Asesoramiento Profesional&#8221; background_color=&#8221;#ffffff&#8221; image=&#8221;http:\/\/www.itecman.com\/web\/wp-content\/uploads\/2015\/03\/servicios-asesoramiento.jpg&#8221; alignment=&#8221;center&#8221; background_layout=&#8221;light&#8221; allow_player_pause=&#8221;off&#8221;]<\/p>\n<h4>Te ayudamos a mejorar<\/h4>\n<h6>Los resultados de un completo an\u00e1lisis<br \/>\nnos permite mejorar procesos,<br \/>\naumentar la caliad y reducir los costes<\/h6>\n<p>[\/et_pb_slide][\/et_pb_fullwidth_slider][\/et_pb_section][et_pb_section fullwidth=&#8221;off&#8221; specialty=&#8221;off&#8221;][et_pb_row][et_pb_column type=&#8221;1_2&#8243;][et_pb_blurb admin_label=&#8221;Cualificada experiencia&#8221; title=&#8221;Cualificada experiencia&#8221; url_new_window=&#8221;off&#8221; use_icon=&#8221;on&#8221; font_icon=&#8221;=&#8221; icon_color=&#8221;#81d742&#8243; use_circle=&#8221;off&#8221; circle_color=&#8221;#7EBEC5&#8243; use_circle_border=&#8221;off&#8221; circle_border_color=&#8221;#7EBEC5&#8243; icon_placement=&#8221;left&#8221; animation=&#8221;top&#8221; background_layout=&#8221;light&#8221; text_orientation=&#8221;left&#8221;]Una trayectoria de m\u00e1s de 30 a\u00f1os trabajando en inform\u00e1tica avalan nuestra experiencia, brindando soluciones a empresas y profesionales de distintos tipos de sectores[\/et_pb_blurb][et_pb_blurb admin_label=&#8221;Procedimientos de control&#8221; title=&#8221;Procedimientos de control&#8221; url_new_window=&#8221;off&#8221; use_icon=&#8221;on&#8221; font_icon=&#8221;=&#8221; icon_color=&#8221;#81d742&#8243; use_circle=&#8221;off&#8221; circle_color=&#8221;#7EBEC5&#8243; use_circle_border=&#8221;off&#8221; circle_border_color=&#8221;#7EBEC5&#8243; icon_placement=&#8221;left&#8221; animation=&#8221;top&#8221; background_layout=&#8221;light&#8221; text_orientation=&#8221;left&#8221;]Para verificar que los procedimientos funcionen tal como fueron dise\u00f1ados, es imprescindible establecer pautas de control que permitan confirmar su correcto funcionamiento o determinar las acciones que reparen el proceso. Realizar estos controles de forma adecuada, garantizan el \u00e9xito de los trabajos.[\/et_pb_blurb][et_pb_blurb admin_label=&#8221;Implementaci\u00f3n de nuevas tecnolog\u00edas&#8221; title=&#8221;Implementaci\u00f3n de nuevas tecnolog\u00edas&#8221; url_new_window=&#8221;off&#8221; use_icon=&#8221;on&#8221; font_icon=&#8221;=&#8221; icon_color=&#8221;#81d742&#8243; use_circle=&#8221;off&#8221; circle_color=&#8221;#7EBEC5&#8243; use_circle_border=&#8221;off&#8221; circle_border_color=&#8221;#7EBEC5&#8243; icon_placement=&#8221;left&#8221; animation=&#8221;top&#8221; background_layout=&#8221;light&#8221; text_orientation=&#8221;left&#8221;]El avance de la tecnolog\u00eda es cada vez m\u00e1s vertiginoso, dificultando la posibilidad de conocer todos los nuevos productos que se incorporan al mercado. AIBCN le informar\u00e1 de forma selectiva de todas las nuevas herramientas que puedan utilizarse en su organizaci\u00f3n, y los procedimientos necesarios para su implementaci\u00f3n. De esta forma su organizaci\u00f3n estar\u00e1 siempre actualizada e informada.[\/et_pb_blurb][et_pb_blurb admin_label=&#8221;Optimizaci\u00f3n de recursos&#8221; title=&#8221;Optimizaci\u00f3n de recursos&#8221; url_new_window=&#8221;off&#8221; use_icon=&#8221;on&#8221; font_icon=&#8221;=&#8221; icon_color=&#8221;#81d742&#8243; use_circle=&#8221;off&#8221; circle_color=&#8221;#7EBEC5&#8243; use_circle_border=&#8221;off&#8221; circle_border_color=&#8221;#7EBEC5&#8243; icon_placement=&#8221;left&#8221; animation=&#8221;off&#8221; background_layout=&#8221;light&#8221; text_orientation=&#8221;left&#8221;]Una vez realizado el &#8220;An\u00e1lisis de Procesos&#8221; pasamos a la etapa de optimizaci\u00f3n de recursos, donde distribuiremos de forma inteligente los recursos que posee nuestra empresa. La documentaci\u00f3n detallada de cada puesto de trabajo, nos permitir\u00e1 detectar que recursos est\u00e1n saturados y cuales est\u00e1n mal aprovechados, determinando as\u00ed cual es la forma correcta de disposici\u00f3n de los mismos. En esta etapa se analizar\u00e1 t\u00e9cnicamente cada componente, diagnosticando su estado y la verificaci\u00f3n de su correcto funcionamiento. Tambi\u00e9n se analizar\u00e1n los recursos disponibles sin utilizar para establecer un plan de formaci\u00f3n para su aprovechamiento.[\/et_pb_blurb][\/et_pb_column][et_pb_column type=&#8221;1_2&#8243;][et_pb_blurb admin_label=&#8221;An\u00e1lisis de procesos&#8221; title=&#8221;An\u00e1lisis de procesos&#8221; url_new_window=&#8221;off&#8221; use_icon=&#8221;on&#8221; font_icon=&#8221;=&#8221; icon_color=&#8221;#81d742&#8243; use_circle=&#8221;off&#8221; circle_color=&#8221;#7EBEC5&#8243; use_circle_border=&#8221;off&#8221; circle_border_color=&#8221;#7EBEC5&#8243; icon_placement=&#8221;left&#8221; animation=&#8221;top&#8221; background_layout=&#8221;light&#8221; text_orientation=&#8221;left&#8221;]El an\u00e1lisis de procesos es el procedimiento por el cual se estudian los procesos de una organizaci\u00f3n y como pueden ser optimizados por sistemas inform\u00e1ticos. Para que todos los componentes de un sistema: hardware, software y usuarios, interact\u00faen de forma coordinada es necesario un estudio detallado, estableciendo las funciones y objetivos de cada uno. Utilizando las herramientas que nos brinda hoy la inform\u00e1tica podemos modelar cualquier tipo de proceso y optimizarlo para obtener la m\u00e1xima eficiencia.[\/et_pb_blurb][et_pb_blurb admin_label=&#8221;Representaci\u00f3n ante terceros&#8221; title=&#8221;Representaci\u00f3n ante terceros&#8221; url_new_window=&#8221;off&#8221; use_icon=&#8221;on&#8221; font_icon=&#8221;=&#8221; icon_color=&#8221;#81d742&#8243; use_circle=&#8221;off&#8221; circle_color=&#8221;#7EBEC5&#8243; use_circle_border=&#8221;off&#8221; circle_border_color=&#8221;#7EBEC5&#8243; icon_placement=&#8221;left&#8221; animation=&#8221;top&#8221; background_layout=&#8221;light&#8221; text_orientation=&#8221;left&#8221;]AIBCN actuar\u00e1 como intermediario ante terceras personas, en temas relacionados a inform\u00e1tica, permitiendo una mejor comunicaci\u00f3n entre el cliente y sus prestadores de servicios, evitando de esta forma los problemas ocasionados por falta de conocimientos t\u00e9cnicos. En estos casos un representante de AIBCN se encargar\u00e1 de las gestiones pertinentes en temas t\u00e9cnicos o en aquellos inconvenientes que est\u00e9n fuera del alcance de los conocimientos de nuestros clientes.[\/et_pb_blurb][et_pb_blurb admin_label=&#8221;Soluciones cloud&#8221; title=&#8221;Soluciones cloud&#8221; url_new_window=&#8221;off&#8221; use_icon=&#8221;on&#8221; font_icon=&#8221;=&#8221; icon_color=&#8221;#81d742&#8243; use_circle=&#8221;off&#8221; circle_color=&#8221;#7EBEC5&#8243; use_circle_border=&#8221;off&#8221; circle_border_color=&#8221;#7EBEC5&#8243; icon_placement=&#8221;left&#8221; animation=&#8221;top&#8221; background_layout=&#8221;light&#8221; text_orientation=&#8221;left&#8221;]Con el avance de las conexiones a internet actuales, existe la posibilidad de tener todos nuestros documentos en servidores que podr\u00e1n estar en un datacenter o bien en las instalaciones del cliente. A trav\u00e9s de internet y con las medidas de seguridad adecuadas podemos acceder y trabajar con nuestros archivos desde cualquier lugar.[\/et_pb_blurb][et_pb_blurb admin_label=&#8221;Seguridad inform\u00e1tica&#8221; title=&#8221;Seguridad inform\u00e1tica&#8221; url_new_window=&#8221;off&#8221; use_icon=&#8221;on&#8221; font_icon=&#8221;=&#8221; icon_color=&#8221;#81d742&#8243; use_circle=&#8221;off&#8221; circle_color=&#8221;#7EBEC5&#8243; use_circle_border=&#8221;off&#8221; circle_border_color=&#8221;#7EBEC5&#8243; icon_placement=&#8221;left&#8221; animation=&#8221;off&#8221; background_layout=&#8221;light&#8221; text_orientation=&#8221;left&#8221;]AIBCN pone a su disposici\u00f3n un conjunto de t\u00e9cnicas desarrolladas para proteger su informaci\u00f3n. Una correcta clasificaci\u00f3n de datos, nos permite establecer distintos niveles de privacidad. Un sistema de seguridad esta compuestos por: Servidores, firewall, Antvirus, copias de seguridad, UPS, sistemas de cifrados, etc.[\/et_pb_blurb][\/et_pb_column][\/et_pb_row][\/et_pb_section]<\/p>\n","protected":false},"excerpt":{"rendered":"<p>Te ayudamos a mejorar Los resultados de un completo an\u00e1lisis nos permite mejorar procesos, aumentar la caliad y reducir los costes <div class=\"et_pb_row et_pb_row_0 et_pb_row_empty\">\n\t\t\t\t\n\t\t\t\t\n\t\t\t\t\n\t\t\t\t\n\t\t\t\t\n\t\t\t<\/div>Una trayectoria de m\u00e1s de 30 a\u00f1os trabajando en inform\u00e1tica avalan nuestra experiencia, brindando soluciones a empresas y profesionales de distintos tipos de sectoresPara verificar que los procedimientos funcionen tal como fueron dise\u00f1ados, es [&hellip;]<\/p>\n","protected":false},"author":2,"featured_media":0,"parent":0,"menu_order":0,"comment_status":"closed","ping_status":"closed","template":"","meta":{"_et_pb_use_builder":"on","_et_pb_old_content":"","_et_gb_content_width":""},"_links":{"self":[{"href":"https:\/\/www.itecman.com\/web\/wp-json\/wp\/v2\/pages\/131"}],"collection":[{"href":"https:\/\/www.itecman.com\/web\/wp-json\/wp\/v2\/pages"}],"about":[{"href":"https:\/\/www.itecman.com\/web\/wp-json\/wp\/v2\/types\/page"}],"author":[{"embeddable":true,"href":"https:\/\/www.itecman.com\/web\/wp-json\/wp\/v2\/users\/2"}],"replies":[{"embeddable":true,"href":"https:\/\/www.itecman.com\/web\/wp-json\/wp\/v2\/comments?post=131"}],"version-history":[{"count":0,"href":"https:\/\/www.itecman.com\/web\/wp-json\/wp\/v2\/pages\/131\/revisions"}],"wp:attachment":[{"href":"https:\/\/www.itecman.com\/web\/wp-json\/wp\/v2\/media?parent=131"}],"curies":[{"name":"wp","href":"https:\/\/api.w.org\/{rel}","templated":true}]}}